 be (-12)/15*25/x. What is the units digit of (28/f)/(2/5)?
7
Suppose 4*h - 218 = 342. What is the hundreds digit of h?
1
Suppose 31 = 5*z + 3*x, 4*z + 4*x = -0 + 28. Suppose -i - z = -0. Let c = i - -8. What is the units digit of c?
3
Suppose 0 = 3*m - 5*n - 16, m = -n - n + 9. What is the units digit of m?
7
Let a(m) = 174*m**2 - m - 1. Let h be a(-1). Suppose 4*n - h + 50 = 0. What is the units digit of n?
1
Let j(f) = -10*f**3 + 3*f**2 - 4*f - 7. What is the tens digit of j(-2)?
9
Suppose 2*d - 290 = -d + a, 202 = 2*d - 5*a. What is the tens digit of d?
9
Let d = 11 + -7. Suppose b + 4*s - d = 0, 2*b - s = 5 + 3. Suppose 0 = -b*n + 5*g + 9, 2*g + 2*g + 5 = n. What is the units digit of n?
1
Suppose 0*p + 3*p - 12 = 0. Suppose 2*y + 3*n = 0, 5*y + 20 = 2*n + 1. Let c = p - y. What is the units digit of c?
7
Let g(h) = 17*h + 4. Let q be g(3). Suppose -q = -2*i - 3*f, 0 = -3*i + 2*f + 2 + 48. What is the tens digit of i?
2
Let y be 342/12 + 1/2. Suppose 8 = -l + 2*v - v, 3*l = 4*v - y. Let d = l + 13. What is the units digit of d?
0
Let a(s) = 4*s**2 - 2*s + 2. Let b be a(1). Suppose 17 = b*q - 35. What is the units digit of q?
3
What is the units digit of (-1)/((-2)/3 + 430/654)?
9
Let v be 1 + 1 - (-45)/(-5). Let n be (-2)/(-7) + 79/v. Let z = -6 - n. What is the units digit of z?
5
Let v = 8 + -8. Let j = v + 3. Suppose j*r - 7*r = -8. What is the units digit of r?
2
Let b(g) be the third derivative of -g**7/2520 - g**6/360 + g**5/60 - g**2. Let t(u) be the third derivative of b(u). What is the units digit of t(-3)?
4
Let a(r) = 2*r**2 - 24*r - 4. What is the tens digit of a(18)?
1
Let t(q) = 5*q**2 + 3*q + 28. Let p(z) = z**2 + z - 1. Let r(w) = -4*p(w) + t(w). What is the tens digit of r(0)?
3
Let o(j) = j**2 - 3*j + 3. What is the tens digit of o(6)?
2
Suppose -5*i + 3*i + 80 = 0. Suppose 0 = -5*r - 5*p + i, 2*p - 4 = r + r. Suppose r*a - 2 = 1. What is the units digit of a?
1
Let o(f) = 2*f**2 + 7*f - 6. Let i be o(-6). Suppose -2*m = -2*p - i, 5*m - 20 = -9*p + 4*p. What is the units digit of m?
8
Let y(p) = -p**3 - 2*p**2 + p. Let l be y(-2). Let o = l - -6. What is the units digit of o?
4
Let i(r) = 24*r**2 - 2*r - 4. What is the units digit of i(-2)?
6
Suppose f - 93 = -2*f. What is the units digit of f?
1
Let f(r) be the first derivative of r**3/3 - r**2/2 + 9*r + 1. Let n(w) = w - 7. Let v be n(7). What is the units digit of f(v)?
9
Let u = -320 - -450. What is the units digit of u?
0
Let b(p) = 9*p + 8. What is the tens digit of b(7)?
7
Suppose 6*g - 240 = 36. What is the units digit of g?
6
Suppose 2*m = 3*m - 3*b - 17, m - 17 = -2*b. What is the units digit of m?
7
Suppose -3*l = -4*p - l + 92, 2*p = -5*l + 58. What is the units digit of p?
4
Let n = -108 - -260. What is the units digit of n?
2
Let l(h) = 4*h - 2 - 2 + 4. What is the tens digit of l(3)?
1
Let d = -37 + 57. What is the tens digit of d?
2
Suppose -3*d - 96 = -3*t, -2*d - 176 = -5*t - 5*d. What is the tens digit of t?
3
Suppose -2*u + 3*u + 6 = 0. Let o = -2 - u. What is the units digit of o?
4
Let h = 4 - -1. Suppose -9 = -h*m + 11. Suppose -2*j + m = -6. What is the units digit of j?
5
Let w(k) = 11*k + 6. What is the units digit of w(3)?
9
Let x = 5 - 2. Let m(v) = -2 - x*v - 2*v + 6*v - 2*v. What is the units digit of m(-4)?
2
Suppose -44 - 7 = -3*t. Suppose 0 = -5*v + 5*k + 100, 5*k = -t - 3. Suppose -r = r - v. What is the units digit of r?
8
Let z(u) = -u**3 - 6*u**2 - 8*u - 6. Let n be z(-5). Suppose k + 2 = n. What is the units digit of k?
7
Let l(f) = f**3 + 5*f**2 - 3*f - 1. What is the units digit of l(-3)?
6
Let i = 54 + -5. Suppose 2*r = -m - 4*m + i, -3*m + 2*r + 39 = 0. What is the tens digit of m?
1
Let o(d) = -d + 20. Let f be o(0). Suppose 0 = -c + 4*j + f, j + 86 = 4*c - 39. What is the tens digit of c?
3
Let g be (3/(-6))/(1/2). What is the units digit of (-21)/12*4/g?
7
Let i = -7 - -10. Suppose -2*q + 37 = i*n - 9, 72 = 3*q + 3*n. What is the tens digit of q?
2
Let f = 2 - -2. Suppose -l + 0*l + f = 0. What is the units digit of 6/l*(-8)/(-3)?
4
Let q(l) be the first derivative of l**3/3 + 5*l**2/2 + 4*l + 3. What is the units digit of q(-5)?
4
Let y(a) = -7*a + 2. What is the units digit of y(-2)?
6
Let s = -1 - -3. What is the units digit of (s/4)/(9/828)?
6
Let y(m) be the second derivative of m**5/20 + m**4/12 - m**3/6 - 3*m**2 + 2*m. Let u be y(0). What is the units digit of 6 + -1 + u + 5?
4
Suppose 0 = -4*k - 5 + 1. Let y = 13 + k. What is the units digit of y?
2
Suppose 4*g + g + 5*y + 35 = 0, 5*y + 14 = 2*g. Let o be 2 - 0 - (g - -3). Suppose -o = -5*n + 18. What is the units digit of n?
4
Let k(l) = 176*l**2 + 3*l + 2. What is the tens digit of k(-1)?
7
Let j = 333 + -203. What is the units digit of j?
0
Let v be (-11 + 2)*5/(-15). Let b be -1*(-1*11 - -2). Suppose v*f = 39 - b. What is the units digit of f?
0
Suppose 87 = 5*q - w, q + q = -3*w + 45. Let l be ((-2)/(-4))/(3/q). Let n(u) = 7*u - 2. What is the units digit of n(l)?
9
Suppose l = -3*l + 52. What is the units digit of l?
3
Let v = 231 + -71. What is the units digit of v?
0
Let b(m) = -m. Let n be b(2). What is the units digit of -2*((n - -2) + -1)?
2
Let a be -4*(-5)/((-10)/(-8)). What is the tens digit of (1 + -7)/((-6)/a)?
1
Let k(d) = -d + 5. Let z be 9*((-4)/(-6) - 0). Let v be k(z). Let w = 4 - v. What is the units digit of w?
5
Suppose 4*b + 5*v = 1216, -2*b - v + 622 = -2*v. What is the hundreds digit of b?
3
Let o = 7 + 29. What is the tens digit of o?
3
Let u(a) = -a - 1. Let r be -3 + (1 - (-2 + 4)). What is the units digit of u(r)?
3
Let z(y) = 12*y**2 - y + 2. Let k be z(2). Suppose 13*o = 9*o + k. What is the tens digit of o?
1
Let l(m) = m**3 - 4*m + 3. Let b be l(3). Suppose q - 2 = 10. Let k = b - q. What is the units digit of k?
6
Let p(g) = 3*g + 20. Let n be p(-6). Suppose -26 = -2*m + f, -n*m = 2*m + 3*f - 62. What is the units digit of m?
4
Suppose -60 = -10*g + 5*g. Let o(k) = -k**2 - k - 10. Let c be o(0). Let f = g + c. What is the units digit of f?
2
Let t(r) = r**3 + 6*r**2 + 3*r + 8. Let x be t(-6). Let u(o) = o**2 + 8*o - 11. What is the units digit of u(x)?
9
Let q = -16 + 21. Suppose 0*a + 50 = 5*s - 2*a, 5*a = q*s - 35. What is the tens digit of s?
1
Suppose 5*h - 4 = 46. What is the tens digit of h?
1
Let s = -14 + 35. Let w = -4 + s. What is the tens digit of w?
1
Suppose -4*u + u + 51 = 0. Suppose 2*o = 5*k - 96 - u, 0 = 2*k + 3*o - 30. What is the tens digit of k?
2
Let u(s) = -s - 2 + 2 + s**2. Let b be u(2). Suppose b*l - l = 4. What is the units digit of l?
4
Let t be -2*(-2 + 2/(-4)). Suppose t*s - 25 = -0. What is the units digit of s?
5
Let t be (8/(-10))/((-8)/20). Let q be -18*3/((-12)/t). Suppose 0 = -4*m + 59 + q. What is the tens digit of m?
1
Suppose -3*a + 8 = -a. Suppose a*g = 0, r - 5 - 2 = 3*g. Let o = 20 - r. What is the tens digit of o?
1
Suppose 2*y = -2*y + 64. What is the units digit of y?
6
Suppose 262 = 5*t - x, 5*t - 3*x - 44 = 4*t. Suppose 3*v + 21 = 3*a - 2*a, v - t = -3*a. What is the units digit of a?
8
Let o = 26 - 2. What is the tens digit of o?
2
Let v = -205 - -366. What is the tens digit of v?
6
Let o = -43 - -60. Suppose -22 = -2*a - 4*d, a - 3*d = -7*d + o. Suppose -a = -q - 3. What is the units digit of q?
2
Let u(b) be the first derivative of -b**2/2 - 5*b + 3. Let l be u(-5). What is the tens digit of 4*5/2 + l?
1
Suppose 5*j + 7 - 2 = 0. Let d(r) = -2*r. Let v be d(j). Suppose -6*a = -4*a + x - v, 5*x + 4 = 4*a. What is the units digit of a?
1
Let p(a) = -a**3 - 11*a**2 + 12*a + 16. Let i be p(-12). Suppose -2*s + i = -16. What is the units digit of s?
6
Suppose 2*y + 27 = 5*h, -h + 2*y - 36 = -5*h. Let n be (3 - h) + 0 + 2. What is the units digit of n/(-6) - (-4)/6?
1
Suppose -3*r + 8 = -r. Suppose -18 + 6 = -3*v. Suppose -v = 4*q + 4*d, 0*q + 2*q - r*d - 10 = 0. What is the units digit of q?
1
Let p be 6/(-9)*1*3. What is the units digit of (-1)/(2/p) + 1?
2
What is the tens digit of 10/35 - (-166)/7?
2
Let f be (3/(-2))/((-5)/(-130)). Let o = f + 57. What is the units digit of o?
8
Let x(c) = 5*c**2 - c - 2. Suppose -3 = -5*r + 7. What is the tens digit of x(r)?
1
Suppose 2*c = s + 368, -2*s + 0*s = 4*c - 744. What is the hundreds digit of c?
1
Suppose -3*x = -31 - 86. What is the unit